 + 4*g - 1. Let m be h(-5). What is the remainder when c(-1) is divided by q(m)?
9
Suppose 0 = -4*p - 4*h + 52, -6*h + 2*h + 4 = p. Suppose -5*k - 128 = -3*g, 3*k = -2*g + 116 - 18. What is the remainder when g is divided by p?
14
Suppose -y - 1 + 14 = 2*i, 4*i + y - 21 = 0. Suppose 3*n - 7*n + 82 = -2*w, i*w - 20 = 0. What is the remainder when n is divided by (-2)/(-2) + 1 + 6?
7
Let k = 141 - 126. Calculate the remainder when k is divided by 9.
6
Suppose 0 = 5*j + 2*x - 11 - 3, -2*j + 4*x - 4 = 0. Suppose -j*n - 255 = -7*n. What is the remainder when n is divided by 27?
24
Let k(l) = 3*l**2 - 8*l + 2. Let g be k(6). Suppose g - 12 = 5*q. Suppose 26 = 2*x - 3*h, 6*h - h + q = 0. Calculate the remainder when x is divided by 6.
4
Let x(g) = -g**3 - 2*g**2 - 4*g - 3. Calculate the remainder when 14 is divided by x(-2).
4
Suppose 2*w - 35 = -i + 5, -4 = -w. Calculate the remainder when 191 is divided by i.
31
Let w(k) = 2*k**3 + k**2 - 4*k + 3. Let a be w(2). Calculate the remainder when 265/a + (-2)/3 is divided by 9.
8
Let y = 1 - -20. Suppose -5*q - t = -12, -2*q - 4*t - 15 = -3*q. Suppose 0 = d - 5*a + 13, -61 = -q*d - 4*a - a. What is the remainder when y is divided by d?
9
Suppose 4*w = -3*h + 67, w + 0*h = 2*h + 3. Let y(a) = -38*a. Calculate the remainder when y(-1) is divided by w.
12
Let h = -16 - -66. Calculate the remainder when h is divided by 17.
16
Let r(t) = -t**2 - 7*t - 1. Let w be r(5). Let q = 99 + w. What is the remainder when q is divided by 13?
12
Suppose 5*j = 243 - 33. What is the remainder when 26 is divided by (-7)/j - (-170)/12?
12
Suppose -q + 9 = -4. What is the remainder when q is divided by 4?
1
Let q(a) = 19*a. Calculate the remainder when 75 is divided by q(1).
18
Let a = -2 + 4. Suppose 4*l - 42 = -a*r, -3*r + 12 + 16 = -l. Suppose -o + 84 = 3*o. What is the remainder when o is divided by r?
10
Suppose 7*t - 2*t = 50. Let l be (-1)/(-5) - (-18)/t. Suppose -l*k = -4*k + 60. What is the remainder when k is divided by 16?
14
Let m = 76 - 22. What is the remainder when m is divided by 19?
16
Suppose 1 = -2*l + 11. What is the remainder when l is divided by 3 + 0*(-4)/(-8)?
2
Suppose -r - 47 = -117. Suppose h + 5*u - u - r = 0, -3*h + 4*u + 226 = 0. Let f = h + -31. What is the remainder when f is divided by 15?
13
Let t = 8 - 17. Suppose 2*r = 4*r - 64. What is the remainder when r is divided by -1*(t + (-4)/2)?
10
Suppose 8*d = 4*d + 12. What is the remainder when 4 is divided by d?
1
Let n = 5 + 5. Let k(w) = -5*w + 3. Calculate the remainder when k(-3) is divided by n.
8
Let x = -24 + 66. Calculate the remainder when x is divided by (-5 - -3)/(2/(-11)).
9
Suppose 4*g + 0*g - 24 = 0. Suppose p - 2*s = -s + 11, -p + 5*s - 9 = 0. What is the remainder when p is divided by g?
4
Suppose -2*r = -2*y - 6*r + 176, -5*y = 4*r - 422. Calculate the remainder when y is divided by 22.
16
Suppose -4*w + 93 = -5*a, -w + 27 = -2*a + 6. What is the remainder when w is divided by 5?
2
Suppose -35 = -9*p + 100. Calculate the remainder when 89 is divided by p.
14
Suppose -3*v - 4 = -2*v, -2*i - 4*v = -22. Suppose 2 = k - 5*m, 2*m - 2 = 2*k - 14. Calculate the remainder when i is divided by k.
5
Let t = -20 - -2. What is the remainder when 3/t + (-325)/(-6) is divided by 28?
26
Suppose 16*o = 20*o - 228. Calculate the remainder when o is divided by 30.
27
Suppose 5*x - 35 - 35 = 0. What is the remainder when 25 is divided by x?
11
Let s be (21/14)/(1/(-18)). Let f be (-1344)/27 + 6/s. Let v = f + 73. What is the remainder when v is divided by 13?
10
Let l(i) = -4*i - 10*i + 0*i + 0*i. Calculate the remainder when l(-3) is divided by 22.
20
Let a be 18*(28/(-12) + 3). Let z = -5 + a. What is the remainder when 11 + (2 - (-1 + 2)) is divided by z?
5
Suppose 4 = 4*d - 2*d. Let b be d + 1/(-1) - 5. What is the remainder when 29 is divided by (-62)/b + 8/(-16)?
14
Suppose 4*n - 10 = v, -n + 3 = -3*v + 6. Suppose 0 = -6*m + v*m + 12. Suppose w + m*w = 32. Calculate the remainder when w is divided by 3.
2
Let j be 27/(-21) + 6/21. What is the remainder when (0 - -37) + j + 2 is divided by 13?
12
Let i = 20 - 13. What is the remainder when 33 is divided by i?
5
Suppose -x - 4 = -5. Calculate the remainder when x/(3/(-6)) - -41 is divided by 20.
19
Calculate the remainder when 25 is divided by ((-6)/(-8))/((-2)/(-40)).
10
Suppose 0 = 2*z - 2*n - 128, n + 320 = 8*z - 3*z. Let f = z - 36. Calculate the remainder when f is divided by 10.
8
Let s = -82 + 115. What is the remainder when s is divided by 18?
15
Let m = -4 - -17. Calculate the remainder when m is divided by 8.
5
Let y(l) = 22*l**2 - 2*l - 1. Suppose -5*j = -6 + 1. Suppose i + 0 = -j. Calculate the remainder when 44 is divided by y(i).
21
Suppose 0 = -7*x + 6*x + 17. Calculate the remainder when 48 is divided by x.
14
Suppose -43 = -5*z + 62. Let y = z - 12. Let c = 69 - 44. Calculate the remainder when c is divided by y.
7
Suppose 0 = 3*a - a - 60. Let t(z) = -z**2 - 10*z - 8. What is the remainder when a is divided by t(-6)?
14
Suppose 5*u - 3*u = v - 18, 0 = v + 2*u - 18. Let b be ((-5)/15)/(3/(-99)). Let a = v - b. Calculate the remainder when a is divided by 4.
3
Let i(p) = 4*p + 90. Calculate the remainder when 371 is divided by i(-7).
61
Suppose -4*n + 35 = -41. What is the remainder when n is divided by 5?
4
Suppose -3*n - 3 = 4*w - 23, -4*n = 3*w - 8. What is the remainder when 22 is divided by w?
6
Suppose -11 = 5*x - 46. What is the remainder when 26 is divided by x?
5
Let z(f) = -f**3 - 6*f**2 + 3*f - 9. Let l be z(-7). Suppose 0 = t - 0*t - l. What is the remainder when t is divided by 7?
5
Let l be 4/8 - (-1)/2. Let k = l - 0. Calculate the remainder when 5 is divided by k.
0
Calculate the remainder when -1 + 4 - (-104)/2 is divided by 14.
13
Let j(i) be the third derivative of 5*i**4/24 - i**3/3 + 4*i**2. What is the remainder when 35 is divided by j(4)?
17
Suppose -8 + 0 = -4*g. Suppose -3*a = -13*a + 70. Suppose 2*v + 2*w = 52, g*v - a*v = w - 126. What is the remainder when v is divided by 13?
12
Let y = 5 + -1. Suppose j - 3 = -x, 14 + 10 = y*j + x. Let g = 12 + 8. What is the remainder when g is divided by j?
6
Suppose -570 = -p - 4*p. What is the remainder when p is divided by 23?
22
Let k = 172 - 47. Calculate the remainder when k is divided by (-3 + (-69)/9)*-3.
29
Let i be -3 + -9 + 1 + 3. Let h(o) = o**2 + 5*o - 2. Suppose w + 4*w = -3*c + 45, -2*w = -2*c - 34. What is the remainder when h(i) is divided by w?
10
Suppose 6*g - 28 = -3*y + g, 0 = -3*g - 12. Suppose -18 = 2*m + 5*i - 7, 0 = -3*m - i + y. What is the remainder when 19 is divided by m?
5
What is the remainder when (-3)/((-24)/(-38))*-8 is divided by 23?
15
Let s(o) = 8*o - 5. Suppose -t - 22 = -3*t. Calculate the remainder when s(3) is divided by t.
8
Suppose 9*f - 349 = 326. Calculate the remainder when f is divided by 19.
18
Suppose 0 = 5*c + c - 300. What is the remainder when c is divided by 17?
16
Suppose -3*x - 33 = -5*m, -m + 4 = 2*x + 13. Let n = x + 14. Calculate the remainder when 31 is divided by n.
7
Suppose 7*d = 354 + 423. Calculate the remainder when d is divided by 28.
27
Let j = -3 + 7. Let i(g) = j*g + 4 - 1 - 3. What is the remainder when i(4) is divided by 6?
4
Let i(t) = 4*t**3 - 2*t**2 + 4*t - 2. What is the remainder when i(3) is divided by 17?
15
Let l = -16 - -31. What is the remainder when 40 is divided by l?
10
Let b(r) = r**2 - r - 6. Suppose 4*x - 21 = -j - 2*j, 2*j = 5*x - 32. What is the remainder when ((-2)/5)/((-6)/1050) is divided by b(x)?
22
Let f be 78 + -4 + (1 - 4). Suppose -5*c - g = 3*g - 57, -f = -5*c + 3*g. Let b = -13 + 37. What is the remainder when b is divided by c?
11
Let x(z) = -2 + z**2 + 5*z + 0*z + z**2. Suppose -3*p - 6 = -30. What is the remainder when x(-5) is divided by p?
7
Suppose -2*j + 4*s + 10 + 4 = 0, -j + 6 = -3*s. What is the remainder when 43 is divided by j?
7
Let x = -115 - -53. Let n = -43 - x. Let y(j) = -36*j**3 + j**2 - 1. What is the remainder when y(-1) is divided by n?
17
Let j = 197 - 101. What is the remainder when j is divided by 25?
21
Let f = 24 + -14. Suppose 6*h - h - f = 0. Let n = 13 - 8. What is the remainder when n is divided by h?
1
Calculate the remainder when (-376)/(-16) + 2/4 is divided by 75/6 - 1/(-2).
